{"id":15585,"date":"2024-10-04T09:02:27","date_gmt":"2024-10-04T06:02:27","guid":{"rendered":"https:\/\/web-demo1.com.tr\/v44\/urun\/dl05-telefon-sogutucu-sessiz-7500rpm-lcd-gosterge-rgb-isik-aluminyum-plaka-radyator\/"},"modified":"2024-10-04T09:02:27","modified_gmt":"2024-10-04T06:02:27","slug":"dl05-telefon-sogutucu-sessiz-7500rpm-lcd-gosterge-rgb-isik-aluminyum-plaka-radyator","status":"publish","type":"product","link":"https:\/\/web-demo1.com.tr\/v44\/urun\/dl05-telefon-sogutucu-sessiz-7500rpm-lcd-gosterge-rgb-isik-aluminyum-plaka-radyator\/","title":{"rendered":"DL05 Telefon So\u011futucu Sessiz 7500rpm Lcd G\u00f6sterge RGB I\u015f\u0131k Al\u00fcminyum Plaka Radyat\u00f6r"},"content":{"rendered":"<p>https:\/\/celikwork.com\/index.php\/urun\/dl05-telefon-sogutucu-sessiz-7500rpm-lcd-gosterge-rgb-isik-aluminyum-plaka-radyator-2\/<\/p>\n","protected":false},"excerpt":{"rendered":"<p>https:\/\/celikwork.com\/index.php\/urun\/dl05-telefon-sogutucu-sessiz-7500rpm-lcd-gosterge-rgb-isik-aluminyum-plaka-radyator-2\/<\/p>\n","protected":false},"featured_media":0,"comment_status":"open","ping_status":"closed","template":"","meta":[],"product_cat":[110],"product_tag":[],"class_list":{"0":"post-15585","1":"product","2":"type-product","3":"status-publish","5":"product_cat-accessories","7":"first","8":"instock","9":"shipping-taxable","10":"product-type-simple"},"_links":{"self":[{"href":"https:\/\/web-demo1.com.tr\/v44\/wp-json\/wp\/v2\/product\/15585","targetHints":{"allow":["GET"]}}],"collection":[{"href":"https:\/\/web-demo1.com.tr\/v44\/wp-json\/wp\/v2\/product"}],"about":[{"href":"https:\/\/web-demo1.com.tr\/v44\/wp-json\/wp\/v2\/types\/product"}],"replies":[{"embeddable":true,"href":"https:\/\/web-demo1.com.tr\/v44\/wp-json\/wp\/v2\/comments?post=15585"}],"version-history":[{"count":1,"href":"https:\/\/web-demo1.com.tr\/v44\/wp-json\/wp\/v2\/product\/15585\/revisions"}],"predecessor-version":[{"id":15586,"href":"https:\/\/web-demo1.com.tr\/v44\/wp-json\/wp\/v2\/product\/15585\/revisions\/15586"}],"wp:attachment":[{"href":"https:\/\/web-demo1.com.tr\/v44\/wp-json\/wp\/v2\/media?parent=15585"}],"wp:term":[{"taxonomy":"product_cat","embeddable":true,"href":"https:\/\/web-demo1.com.tr\/v44\/wp-json\/wp\/v2\/product_cat?post=15585"},{"taxonomy":"product_tag","embeddable":true,"href":"https:\/\/web-demo1.com.tr\/v44\/wp-json\/wp\/v2\/product_tag?post=15585"}],"curies":[{"name":"wp","href":"https:\/\/api.w.org\/{rel}","templated":true}]}}