{"id":13139,"date":"2024-10-04T08:39:40","date_gmt":"2024-10-04T05:39:40","guid":{"rendered":"https:\/\/web-demo1.com.tr\/v44\/urun\/bmd-iso9001-kalite-110dp-alarmli-su-gecirmez-6mm-celik-pim-motor-motosiklet-kilidi-disk-firen-kilit\/"},"modified":"2024-10-04T08:39:40","modified_gmt":"2024-10-04T05:39:40","slug":"bmd-iso9001-kalite-110dp-alarmli-su-gecirmez-6mm-celik-pim-motor-motosiklet-kilidi-disk-firen-kilit","status":"publish","type":"product","link":"https:\/\/web-demo1.com.tr\/v44\/urun\/bmd-iso9001-kalite-110dp-alarmli-su-gecirmez-6mm-celik-pim-motor-motosiklet-kilidi-disk-firen-kilit\/","title":{"rendered":"Bmd Iso9001 Kalite 110dp Alarm&#8217;l\u0131 Su Ge\u00e7irmez 6mm \u00c7elik Pim Motor Motosiklet Kilidi Disk Firen Kilit"},"content":{"rendered":"<p>https:\/\/celikwork.com\/index.php\/urun\/bmd-iso9001-kalite-110dp-alarmli-su-gecirmez-6mm-celik-pim-motor-motosiklet-kilidi-disk-firen-kilit-3\/<\/p>\n","protected":false},"excerpt":{"rendered":"<p>https:\/\/celikwork.com\/index.php\/urun\/bmd-iso9001-kalite-110dp-alarmli-su-gecirmez-6mm-celik-pim-motor-motosiklet-kilidi-disk-firen-kilit-3\/<\/p>\n","protected":false},"featured_media":0,"comment_status":"open","ping_status":"closed","template":"","meta":[],"product_cat":[110],"product_tag":[],"class_list":{"0":"post-13139","1":"product","2":"type-product","3":"status-publish","5":"product_cat-accessories","7":"first","8":"instock","9":"shipping-taxable","10":"product-type-simple"},"_links":{"self":[{"href":"https:\/\/web-demo1.com.tr\/v44\/wp-json\/wp\/v2\/product\/13139","targetHints":{"allow":["GET"]}}],"collection":[{"href":"https:\/\/web-demo1.com.tr\/v44\/wp-json\/wp\/v2\/product"}],"about":[{"href":"https:\/\/web-demo1.com.tr\/v44\/wp-json\/wp\/v2\/types\/product"}],"replies":[{"embeddable":true,"href":"https:\/\/web-demo1.com.tr\/v44\/wp-json\/wp\/v2\/comments?post=13139"}],"version-history":[{"count":1,"href":"https:\/\/web-demo1.com.tr\/v44\/wp-json\/wp\/v2\/product\/13139\/revisions"}],"predecessor-version":[{"id":13140,"href":"https:\/\/web-demo1.com.tr\/v44\/wp-json\/wp\/v2\/product\/13139\/revisions\/13140"}],"wp:attachment":[{"href":"https:\/\/web-demo1.com.tr\/v44\/wp-json\/wp\/v2\/media?parent=13139"}],"wp:term":[{"taxonomy":"product_cat","embeddable":true,"href":"https:\/\/web-demo1.com.tr\/v44\/wp-json\/wp\/v2\/product_cat?post=13139"},{"taxonomy":"product_tag","embeddable":true,"href":"https:\/\/web-demo1.com.tr\/v44\/wp-json\/wp\/v2\/product_tag?post=13139"}],"curies":[{"name":"wp","href":"https:\/\/api.w.org\/{rel}","templated":true}]}}